{"id":310,"date":"2021-05-11T21:41:54","date_gmt":"2021-05-11T19:41:54","guid":{"rendered":"http:\/\/renowacjameblikrakow.pl\/?page_id=310"},"modified":"2021-05-15T19:12:40","modified_gmt":"2021-05-15T17:12:40","slug":"ebenista","status":"publish","type":"page","link":"https:\/\/renowacjameblikrakow.pl\/index.php\/ebenista\/","title":{"rendered":"Ebenista"},"content":{"rendered":"<p align=\"justify\">Nasza firma zajmuje si\u0119 profesjonalnym projektowaniem i wykonywaniem intarsji oraz inkrustacji. Wsp\u00f3\u0142pracujemy z najbardziej znanym ebenist\u0105 w Polsce &#8211; p. Ryszardem Le\u015bniakiem, kt\u00f3ry projektuje i wykonuje intarsje. Prace tego ebenisty by\u0142y wykorzystywane w naszych meblach oraz meblach pa\u0142acowych i replikach (do W\u0142och, Niemiec, Austrii).<\/p>\n\n\n<p><\/p>\n\n\n\n<figure class=\"wp-container-2 wp-block-gallery-1 wp-block-gallery columns-2 is-cropped\"><ul class=\"blocks-gallery-grid\"><li class=\"blocks-gallery-item\"><figure><img loading=\"lazy\" width=\"1024\" height=\"772\" src=\"https:\/\/renowacjameblikrakow.pl\/wp-content\/uploads\/2021\/05\/HPIM2308-1024x772.jpg\" alt=\"\" data-id=\"331\" data-link=\"https:\/\/renowacjameblikrakow.pl\/index.php\/ebenista\/hpim2308\/\" class=\"wp-image-331\" srcset=\"https:\/\/renowacjameblikrakow.pl\/wp-content\/uploads\/2021\/05\/HPIM2308-1024x772.jpg 1024w, https:\/\/renowacjameblikrakow.pl\/wp-content\/uploads\/2021\/05\/HPIM2308-300x226.jpg 300w, https:\/\/renowacjameblikrakow.pl\/wp-content\/uploads\/2021\/05\/HPIM2308-768x579.jpg 768w, https:\/\/renowacjameblikrakow.pl\/wp-content\/uploads\/2021\/05\/HPIM2308-1536x1157.jpg 1536w, https:\/\/renowacjameblikrakow.pl\/wp-content\/uploads\/2021\/05\/HPIM2308-2048x1543.jpg 2048w, https:\/\/renowacjameblikrakow.pl\/wp-content\/uploads\/2021\/05\/HPIM2308-119x90.jpg 119w\" sizes=\"(max-width: 1024px) 100vw, 1024px\" \/><\/figure><\/li><li class=\"blocks-gallery-item\"><figure><img loading=\"lazy\" width=\"1024\" height=\"768\" src=\"https:\/\/renowacjameblikrakow.pl\/wp-content\/uploads\/2021\/05\/IMG_0009-1024x768.jpg\" alt=\"\" data-id=\"526\" data-full-url=\"https:\/\/renowacjameblikrakow.pl\/wp-content\/uploads\/2021\/05\/IMG_0009.jpg\" data-link=\"https:\/\/renowacjameblikrakow.pl\/index.php\/ebenista\/img_0009\/\" class=\"wp-image-526\" srcset=\"https:\/\/renowacjameblikrakow.pl\/wp-content\/uploads\/2021\/05\/IMG_0009-1024x768.jpg 1024w, https:\/\/renowacjameblikrakow.pl\/wp-content\/uploads\/2021\/05\/IMG_0009-300x225.jpg 300w, https:\/\/renowacjameblikrakow.pl\/wp-content\/uploads\/2021\/05\/IMG_0009-768x576.jpg 768w, https:\/\/renowacjameblikrakow.pl\/wp-content\/uploads\/2021\/05\/IMG_0009-1536x1152.jpg 1536w, https:\/\/renowacjameblikrakow.pl\/wp-content\/uploads\/2021\/05\/IMG_0009-2048x1536.jpg 2048w, https:\/\/renowacjameblikrakow.pl\/wp-content\/uploads\/2021\/05\/IMG_0009-120x90.jpg 120w\" sizes=\"(max-width: 1024px) 100vw, 1024px\" \/><\/figure><\/li><\/ul><\/figure>\n\n\n\n<figure class=\"wp-container-4 wp-block-gallery-3 wp-block-gallery columns-2 is-cropped\"><ul class=\"blocks-gallery-grid\"><li class=\"blocks-gallery-item\"><figure><img loading=\"lazy\" width=\"531\" height=\"709\" src=\"https:\/\/renowacjameblikrakow.pl\/wp-content\/uploads\/2021\/05\/intarsja-lewa-ok-.4.jpg\" alt=\"\" data-id=\"357\" data-link=\"https:\/\/renowacjameblikrakow.pl\/index.php\/ebenista\/intarsja-lewa-ok-4\/\" class=\"wp-image-357\" srcset=\"https:\/\/renowacjameblikrakow.pl\/wp-content\/uploads\/2021\/05\/intarsja-lewa-ok-.4.jpg 531w, https:\/\/renowacjameblikrakow.pl\/wp-content\/uploads\/2021\/05\/intarsja-lewa-ok-.4-225x300.jpg 225w, https:\/\/renowacjameblikrakow.pl\/wp-content\/uploads\/2021\/05\/intarsja-lewa-ok-.4-67x90.jpg 67w\" sizes=\"(max-width: 531px) 100vw, 531px\" \/><\/figure><\/li><li class=\"blocks-gallery-item\"><figure><img loading=\"lazy\" width=\"1024\" height=\"768\" src=\"https:\/\/renowacjameblikrakow.pl\/wp-content\/uploads\/2021\/05\/IMG_2022-1-1024x768.jpg\" alt=\"\" data-id=\"524\" data-full-url=\"https:\/\/renowacjameblikrakow.pl\/wp-content\/uploads\/2021\/05\/IMG_2022-1.jpg\" data-link=\"https:\/\/renowacjameblikrakow.pl\/index.php\/ebenista\/img_2022-1\/\" class=\"wp-image-524\" srcset=\"https:\/\/renowacjameblikrakow.pl\/wp-content\/uploads\/2021\/05\/IMG_2022-1-1024x768.jpg 1024w, https:\/\/renowacjameblikrakow.pl\/wp-content\/uploads\/2021\/05\/IMG_2022-1-300x225.jpg 300w, https:\/\/renowacjameblikrakow.pl\/wp-content\/uploads\/2021\/05\/IMG_2022-1-768x576.jpg 768w, https:\/\/renowacjameblikrakow.pl\/wp-content\/uploads\/2021\/05\/IMG_2022-1-1536x1152.jpg 1536w, https:\/\/renowacjameblikrakow.pl\/wp-content\/uploads\/2021\/05\/IMG_2022-1-2048x1536.jpg 2048w, https:\/\/renowacjameblikrakow.pl\/wp-content\/uploads\/2021\/05\/IMG_2022-1-120x90.jpg 120w\" sizes=\"(max-width: 1024px) 100vw, 1024px\" \/><\/figure><\/li><\/ul><\/figure>\n\n\n\n<figure class=\"wp-container-6 wp-block-gallery-5 wp-block-gallery columns-2 is-cropped\"><ul class=\"blocks-gallery-grid\"><li class=\"blocks-gallery-item\"><figure><img loading=\"lazy\" width=\"800\" height=\"600\" src=\"https:\/\/renowacjameblikrakow.pl\/wp-content\/uploads\/2021\/05\/IMAG0154.jpg\" alt=\"\" data-id=\"598\" data-link=\"https:\/\/renowacjameblikrakow.pl\/index.php\/ebenista\/imag0154\/\" class=\"wp-image-598\" srcset=\"https:\/\/renowacjameblikrakow.pl\/wp-content\/uploads\/2021\/05\/IMAG0154.jpg 800w, https:\/\/renowacjameblikrakow.pl\/wp-content\/uploads\/2021\/05\/IMAG0154-300x225.jpg 300w, https:\/\/renowacjameblikrakow.pl\/wp-content\/uploads\/2021\/05\/IMAG0154-768x576.jpg 768w, https:\/\/renowacjameblikrakow.pl\/wp-content\/uploads\/2021\/05\/IMAG0154-120x90.jpg 120w\" sizes=\"(max-width: 800px) 100vw, 800px\" \/><\/figure><\/li><li class=\"blocks-gallery-item\"><figure><img loading=\"lazy\" width=\"800\" height=\"600\" src=\"https:\/\/renowacjameblikrakow.pl\/wp-content\/uploads\/2021\/05\/IMAG0272.jpg\" alt=\"\" data-id=\"599\" data-full-url=\"https:\/\/renowacjameblikrakow.pl\/wp-content\/uploads\/2021\/05\/IMAG0272.jpg\" data-link=\"https:\/\/renowacjameblikrakow.pl\/index.php\/ebenista\/imag0272\/\" class=\"wp-image-599\" srcset=\"https:\/\/renowacjameblikrakow.pl\/wp-content\/uploads\/2021\/05\/IMAG0272.jpg 800w, https:\/\/renowacjameblikrakow.pl\/wp-content\/uploads\/2021\/05\/IMAG0272-300x225.jpg 300w, https:\/\/renowacjameblikrakow.pl\/wp-content\/uploads\/2021\/05\/IMAG0272-768x576.jpg 768w, https:\/\/renowacjameblikrakow.pl\/wp-content\/uploads\/2021\/05\/IMAG0272-120x90.jpg 120w\" sizes=\"(max-width: 800px) 100vw, 800px\" \/><\/figure><\/li><\/ul><\/figure>\n","protected":false},"excerpt":{"rendered":"<p>Nasza firma zajmuje si\u0119 profesjonalnym projektowaniem i wykonywaniem intarsji oraz inkrustacji. Wsp\u00f3\u0142pracujemy z najbardziej znanym ebenist\u0105 w Polsce &#8211; p. Ryszardem Le\u015bniakiem, kt\u00f3ry projektuje i wykonuje intarsje. Prace tego ebenisty by\u0142y wykorzystywane w naszych meblach oraz meblach pa\u0142acowych i replikach (do W\u0142och, Niemiec, Austrii).<\/p>\n","protected":false},"author":1,"featured_media":0,"parent":0,"menu_order":0,"comment_status":"closed","ping_status":"closed","template":"","meta":[],"_links":{"self":[{"href":"https:\/\/renowacjameblikrakow.pl\/index.php\/wp-json\/wp\/v2\/pages\/310"}],"collection":[{"href":"https:\/\/renowacjameblikrakow.pl\/index.php\/wp-json\/wp\/v2\/pages"}],"about":[{"href":"https:\/\/renowacjameblikrakow.pl\/index.php\/wp-json\/wp\/v2\/types\/page"}],"author":[{"embeddable":true,"href":"https:\/\/renowacjameblikrakow.pl\/index.php\/wp-json\/wp\/v2\/users\/1"}],"replies":[{"embeddable":true,"href":"https:\/\/renowacjameblikrakow.pl\/index.php\/wp-json\/wp\/v2\/comments?post=310"}],"version-history":[{"count":7,"href":"https:\/\/renowacjameblikrakow.pl\/index.php\/wp-json\/wp\/v2\/pages\/310\/revisions"}],"predecessor-version":[{"id":600,"href":"https:\/\/renowacjameblikrakow.pl\/index.php\/wp-json\/wp\/v2\/pages\/310\/revisions\/600"}],"wp:attachment":[{"href":"https:\/\/renowacjameblikrakow.pl\/index.php\/wp-json\/wp\/v2\/media?parent=310"}],"curies":[{"name":"wp","href":"https:\/\/api.w.org\/{rel}","templated":true}]}}