{"id":360,"date":"2021-05-12T22:26:05","date_gmt":"2021-05-12T20:26:05","guid":{"rendered":"http:\/\/renowacjameblikrakow.pl\/?page_id=360"},"modified":"2021-05-12T22:31:21","modified_gmt":"2021-05-12T20:31:21","slug":"zlocenie","status":"publish","type":"page","link":"https:\/\/renowacjameblikrakow.pl\/index.php\/zlocenie\/","title":{"rendered":"Z\u0142ocenie"},"content":{"rendered":"<p align=\"justify\">Zajmujemy si\u0119 r\u00f3wnie\u017c fachowym poz\u0142acaniem element\u00f3w drewnianych, ram. Prace te w zale\u017cno\u015bci od potrzeby klienta mog\u0105 by\u0107 wykonane z u\u017cyciem prawdziwego z\u0142ota lub tradycyjn\u0105 metod\u0105. Poni\u017cej przedstawiamy przyk\u0142ad z\u0142ocenia element\u00f3w snycerskich w ramach luster.<\/p>\n\n\n<figure class=\"wp-container-2 wp-block-gallery-1 wp-block-gallery columns-2 is-cropped\"><ul class=\"blocks-gallery-grid\"><li class=\"blocks-gallery-item\"><figure><img loading=\"lazy\" width=\"800\" height=\"547\" src=\"https:\/\/renowacjameblikrakow.pl\/wp-content\/uploads\/2021\/05\/zloc2.jpg\" alt=\"\" data-id=\"367\" data-link=\"https:\/\/renowacjameblikrakow.pl\/index.php\/zlocenie\/zloc2\/\" class=\"wp-image-367\" srcset=\"https:\/\/renowacjameblikrakow.pl\/wp-content\/uploads\/2021\/05\/zloc2.jpg 800w, https:\/\/renowacjameblikrakow.pl\/wp-content\/uploads\/2021\/05\/zloc2-300x205.jpg 300w, https:\/\/renowacjameblikrakow.pl\/wp-content\/uploads\/2021\/05\/zloc2-768x525.jpg 768w, https:\/\/renowacjameblikrakow.pl\/wp-content\/uploads\/2021\/05\/zloc2-132x90.jpg 132w\" sizes=\"(max-width: 800px) 100vw, 800px\" \/><\/figure><\/li><li class=\"blocks-gallery-item\"><figure><img loading=\"lazy\" width=\"800\" height=\"579\" src=\"https:\/\/renowacjameblikrakow.pl\/wp-content\/uploads\/2021\/05\/zloc3.jpg\" alt=\"\" data-id=\"368\" data-full-url=\"https:\/\/renowacjameblikrakow.pl\/wp-content\/uploads\/2021\/05\/zloc3.jpg\" data-link=\"https:\/\/renowacjameblikrakow.pl\/index.php\/zlocenie\/zloc3\/\" class=\"wp-image-368\" srcset=\"https:\/\/renowacjameblikrakow.pl\/wp-content\/uploads\/2021\/05\/zloc3.jpg 800w, https:\/\/renowacjameblikrakow.pl\/wp-content\/uploads\/2021\/05\/zloc3-300x217.jpg 300w, https:\/\/renowacjameblikrakow.pl\/wp-content\/uploads\/2021\/05\/zloc3-768x556.jpg 768w, https:\/\/renowacjameblikrakow.pl\/wp-content\/uploads\/2021\/05\/zloc3-124x90.jpg 124w\" sizes=\"(max-width: 800px) 100vw, 800px\" \/><\/figure><\/li><\/ul><\/figure>\n\n\n\n<figure class=\"wp-container-4 wp-block-gallery-3 wp-block-gallery columns-2 is-cropped\"><ul class=\"blocks-gallery-grid\"><li class=\"blocks-gallery-item\"><figure><img loading=\"lazy\" width=\"1024\" height=\"768\" src=\"https:\/\/renowacjameblikrakow.pl\/wp-content\/uploads\/2021\/05\/IMG_9082-1024x768.jpg\" alt=\"\" data-id=\"371\" data-link=\"https:\/\/renowacjameblikrakow.pl\/index.php\/zlocenie\/img_9082\/\" class=\"wp-image-371\" srcset=\"https:\/\/renowacjameblikrakow.pl\/wp-content\/uploads\/2021\/05\/IMG_9082-1024x768.jpg 1024w, https:\/\/renowacjameblikrakow.pl\/wp-content\/uploads\/2021\/05\/IMG_9082-300x225.jpg 300w, https:\/\/renowacjameblikrakow.pl\/wp-content\/uploads\/2021\/05\/IMG_9082-768x576.jpg 768w, https:\/\/renowacjameblikrakow.pl\/wp-content\/uploads\/2021\/05\/IMG_9082-1536x1152.jpg 1536w, https:\/\/renowacjameblikrakow.pl\/wp-content\/uploads\/2021\/05\/IMG_9082-2048x1536.jpg 2048w, https:\/\/renowacjameblikrakow.pl\/wp-content\/uploads\/2021\/05\/IMG_9082-120x90.jpg 120w\" sizes=\"(max-width: 1024px) 100vw, 1024px\" \/><\/figure><\/li><li class=\"blocks-gallery-item\"><figure><img loading=\"lazy\" width=\"1024\" height=\"768\" src=\"https:\/\/renowacjameblikrakow.pl\/wp-content\/uploads\/2021\/05\/IMG_2017-1024x768.jpg\" alt=\"\" data-id=\"372\" data-full-url=\"https:\/\/renowacjameblikrakow.pl\/wp-content\/uploads\/2021\/05\/IMG_2017.jpg\" data-link=\"https:\/\/renowacjameblikrakow.pl\/index.php\/zlocenie\/img_2017\/\" class=\"wp-image-372\" srcset=\"https:\/\/renowacjameblikrakow.pl\/wp-content\/uploads\/2021\/05\/IMG_2017-1024x768.jpg 1024w, https:\/\/renowacjameblikrakow.pl\/wp-content\/uploads\/2021\/05\/IMG_2017-300x225.jpg 300w, https:\/\/renowacjameblikrakow.pl\/wp-content\/uploads\/2021\/05\/IMG_2017-768x576.jpg 768w, https:\/\/renowacjameblikrakow.pl\/wp-content\/uploads\/2021\/05\/IMG_2017-1536x1152.jpg 1536w, https:\/\/renowacjameblikrakow.pl\/wp-content\/uploads\/2021\/05\/IMG_2017-2048x1536.jpg 2048w, https:\/\/renowacjameblikrakow.pl\/wp-content\/uploads\/2021\/05\/IMG_2017-120x90.jpg 120w\" sizes=\"(max-width: 1024px) 100vw, 1024px\" \/><\/figure><\/li><\/ul><\/figure>\n","protected":false},"excerpt":{"rendered":"<p>Zajmujemy si\u0119 r\u00f3wnie\u017c fachowym poz\u0142acaniem element\u00f3w drewnianych, ram. Prace te w zale\u017cno\u015bci od potrzeby klienta mog\u0105 by\u0107 wykonane z u\u017cyciem prawdziwego z\u0142ota lub tradycyjn\u0105 metod\u0105. Poni\u017cej przedstawiamy przyk\u0142ad z\u0142ocenia element\u00f3w snycerskich w ramach luster.<\/p>\n","protected":false},"author":1,"featured_media":0,"parent":0,"menu_order":0,"comment_status":"closed","ping_status":"closed","template":"","meta":[],"_links":{"self":[{"href":"https:\/\/renowacjameblikrakow.pl\/index.php\/wp-json\/wp\/v2\/pages\/360"}],"collection":[{"href":"https:\/\/renowacjameblikrakow.pl\/index.php\/wp-json\/wp\/v2\/pages"}],"about":[{"href":"https:\/\/renowacjameblikrakow.pl\/index.php\/wp-json\/wp\/v2\/types\/page"}],"author":[{"embeddable":true,"href":"https:\/\/renowacjameblikrakow.pl\/index.php\/wp-json\/wp\/v2\/users\/1"}],"replies":[{"embeddable":true,"href":"https:\/\/renowacjameblikrakow.pl\/index.php\/wp-json\/wp\/v2\/comments?post=360"}],"version-history":[{"count":4,"href":"https:\/\/renowacjameblikrakow.pl\/index.php\/wp-json\/wp\/v2\/pages\/360\/revisions"}],"predecessor-version":[{"id":373,"href":"https:\/\/renowacjameblikrakow.pl\/index.php\/wp-json\/wp\/v2\/pages\/360\/revisions\/373"}],"wp:attachment":[{"href":"https:\/\/renowacjameblikrakow.pl\/index.php\/wp-json\/wp\/v2\/media?parent=360"}],"curies":[{"name":"wp","href":"https:\/\/api.w.org\/{rel}","templated":true}]}}